st common divisor of 30615 and 482313?
39
What is the greatest common factor of 305127 and 11979?
9
What is the greatest common divisor of 1500 and 414153900?
300
Calculate the highest common divisor of 268376952 and 18.
6
What is the highest common factor of 86920 and 457560?
1640
Calculate the greatest common divisor of 830 and 365615.
415
What is the highest common divisor of 42 and 1110326?
14
What is the highest common factor of 17624 and 3064?
8
What is the highest common factor of 276727563 and 269?
269
What is the highest common factor of 14346 and 2794282?
1594
Calculate the greatest common divisor of 1250 and 63930.
10
What is the greatest common divisor of 25878 and 10993818?
114
What is the greatest common divisor of 976 and 5857098?
122
What is the greatest common factor of 14630 and 76265?
35
Calculate the greatest common factor of 404 and 14569048.
404
Calculate the greatest common divisor of 3149027893 and 8371.
8371
What is the greatest common factor of 20531 and 20229739?
419
What is the highest common factor of 16082 and 12989870?
1462
What is the highest common divisor of 8665983 and 783?
261
Calculate the greatest common factor of 9614946 and 66.
66
What is the highest common factor of 9237522 and 12?
6
Calculate the highest common divisor of 50708889 and 594.
297
What is the highest common factor of 59321327 and 754?
377
What is the highest common divisor of 350141 and 1896807?
2519
What is the highest common divisor of 373113 and 98085?
39
What is the greatest common factor of 23545 and 136187?
17
Calculate the greatest common factor of 3861603 and 81.
9
What is the highest common factor of 1964679 and 6027?
123
Calculate the greatest common factor of 246780 and 27270.
270
Calculate the greatest common factor of 366 and 3774558.
366
What is the greatest common factor of 782 and 12017402?
34
Calculate the highest common divisor of 288300 and 17888550.
4650
Calculate the greatest common factor of 6502191 and 306783.
1149
What is the greatest common divisor of 58084 and 773734?
26
What is the highest common factor of 29196 and 23292?
36
What is the greatest common factor of 1635340 and 910?
70
Calculate the greatest common divisor of 563567 and 21454.
17
Calculate the highest common divisor of 30005988 and 56196.
2676
Calculate the greatest common factor of 288978879 and 12.
3
What is the highest common divisor of 143645440 and 68?
4
Calculate the highest common factor of 62122 and 106978.
178
What is the greatest common factor of 739630284 and 36?
12
What is the greatest common divisor of 95290260 and 3420?
60
What is the greatest common factor of 873760 and 8720?
80
What is the highest common factor of 15793830 and 720?
90
Calculate the highest common factor of 51472605 and 5.
5
What is the greatest common divisor of 4557 and 4924815?
651
What is the highest common factor of 150025 and 156825?
425
Calculate the greatest common divisor of 907770 and 354.
6
What is the highest common divisor of 183323 and 7?
7
What is the greatest common divisor of 693272 and 1368?
152
Calculate the greatest common divisor of 1356 and 6342351.
339
What is the highest common divisor of 306359200 and 175?
175
Calculate the greatest common factor of 5499 and 28763436.
1833
Calculate the greatest common factor of 5629 and 7163.
13
What is the greatest common factor of 717862575 and 75?
75
What is the highest common factor of 513 and 1186075?
19
What is the greatest common divisor of 13301056 and 5904?
656
What is the highest common factor of 2036240 and 1500?
20
What is the highest common factor of 158194 and 3726?
46
Calculate the highest common divisor of 11325 and 28126770.
2265
What is the highest common factor of 9576 and 1198788?
12
Calculate the highest common divisor of 5 and 120502270.
5
Calculate the highest common factor of 53946 and 12798.
162
Calculate the highest common divisor of 906512016 and 13080.
2616
Calculate the greatest common factor of 4915412 and 26638.
1402
Calculate the highest common factor of 210783700 and 200.
100
Calculate the highest common divisor of 267 and 14931174.
267
What is the greatest common divisor of 146787 and 1921221?
1299
Calculate the greatest common divisor of 9 and 19743363.
9
What is the highest common divisor of 1880 and 1369204?
188
What is the highest common factor of 25122145 and 9685?
745
Calculate the greatest common divisor of 426 and 12117783.
213
Calculate the highest common divisor of 23460 and 175091640.
1380
What is the highest common factor of 1254 and 21940402?
418
Calculate the greatest common divisor of 51913620 and 2420.
220
What is the greatest common factor of 67 and 152856681?
67
What is the greatest common factor of 798456925 and 5300?
1325
What is the greatest common divisor of 58112 and 52891?
227
What is the highest common divisor of 802500405 and 420?
105
Calculate the greatest common divisor of 4244421 and 27288.
1137
What is the greatest common factor of 70 and 1281413?
7
Calculate the highest common divisor of 73918 and 201526.
26
What is the highest common factor of 17613 and 2141661?
57
What is the greatest common divisor of 60 and 35529380?
20
Calculate the greatest common factor of 11576487 and 39.
39
What is the highest common divisor of 32811241 and 1904?
17
Calculate the highest common factor of 198668956 and 248.
124
What is the highest common factor of 44460876 and 97464?
1572
Calculate the greatest common factor of 3951720 and 5400.
1080
Calculate the highest common divisor of 983137484 and 7.
7
Calculate the greatest common divisor of 180 and 15766605.
45
What is the greatest common factor of 1162568 and 14641?
121
What is the highest common divisor of 178 and 28545059?
89
Calculate the greatest common divisor of 1134 and 15381009.
567
Calculate the greatest common factor of 130980 and 70446.
354
What is the highest common factor of 17 and 379397789?
17
What is the greatest common divisor of 989994 and 114?
6
What is the greatest common divisor of 551434548 and 707?
707
What is the highest common divisor of 25497114 and 3768?
942
What is the highest common factor of 81111 and 7125?
57
Calculate the greatest common divisor of 55315 and 14217450.
1495
Calculate the greatest common factor of 23563580 and 17780.
2540
What is the highest common factor of 91135300 and 10?
10
Calculate the greatest common divisor of 1177 and 7869158.
11
What is the highest common factor of 4420176 and 3053?
71
What is the highest common divisor of 98 and 240800?
14
Calculate the greatest common divisor of 470 and 1335505.
235
What is the highest common factor of 238125 and 787400?
3175
What is the greatest common factor of 2995434 and 72288?
4518
Calculate the greatest common factor of 21866 and 52.
26
What is the highest common divisor of 44663828 and 51?
17
Calculate the highest common divisor of 4710051 and 3120993.
5193
Calculate the highest common factor of 152209852 and 172516.
10148
Calculate the greatest common divisor of 62342656 and 1024.
512
What is the greatest common factor of 535872 and 127584?
96
Calculate the highest common divisor of 6336 and 9992768.
64
Calculate the greatest common divisor of 7100217 and 4131.
243
What is the greatest common divisor of 73333953 and 246?
123
Calculate the highest common divisor of 19599889 and 2164.
541
What is the greatest common divisor of 3161 and 2888603?
29
Calculate the greatest common factor of 2898327 and 117.
3
Calculate the greatest common divisor of 9 and 4934976.
3
Calculate the highest common divisor of 2289041 and 38359.
431
What is the greatest common divisor of 60470 and 10?
10
What is the greatest common factor of 16883837 and 57?
19
What is the highest common divisor of 22701 and 1367653?
329
What is the greatest common factor of 257742556 and 1268?
1268
Calculate the highest common divisor of 31296491 and 14927.
1357
What is the highest common divisor of 40435264 and 1216?
64
What is the greatest common factor of 237 and 824464540?
79
Calculate the highest common factor of 93767 and 14227.
41
Calculate the greatest common divisor of 10032 and 14503236.
132
Calculate the highest common divisor of 290550 and 51350.
650
Calculate the highest common divisor of 1080388652 and 196.
196
What is the greatest commo